he tens digit of k?
3
Let y(j) = -j**2 - 9*j + 2. Let h be y(-9). Suppose 4 + 4 = h*z. What is the units digit of z?
4
Let j = 2 + 9. What is the units digit of j?
1
Let c(g) = -g + 4. Let p be c(3). Suppose 0 = -s + p + 2. Suppose q + 3*q - 57 = s*z, 0 = -5*z - 15. What is the tens digit of q?
1
Suppose 110 = 4*y - 2*a, y + 0*y - 31 = -3*a. What is the units digit of y?
8
Suppose -j - 2*j = -42. Suppose 3*l - j = -3*t + 25, -5*t = 3*l - 39. Let z = l + -8. What is the units digit of z?
5
Suppose -12*k = -7*k. What is the units digit of -1 + (4 - (k - 0))?
3
Suppose 0*y = 3*y - 297. What is the tens digit of y?
9
What is the tens digit of 4*2/((-24)/(-249))?
8
Let s(a) = -a**2 - 7*a - 2. Let u be s(-3). Let c = u - -3. What is the tens digit of c?
1
Let g be (-4)/2*(-20)/8. What is the units digit of g - 5/((-10)/4)?
7
Let t(v) = 1. Let z(c) = c**2 - 6*c - 10. Suppose 3*w = -2*w + 20. Let y(d) = w*t(d) + z(d). What is the units digit of y(8)?
0
Let j(s) = -s**3 + 8*s**2 - 6*s - 5. Let z be j(7). Let g be 15/z*(-10)/15. Let f = 15 + g. What is the units digit of f?
0
Let v be 2/(-5) + (-96)/10. What is the tens digit of v/(-35) + (-372)/(-21)?
1
Let v = -17 - -12. Let c(g) = -g**3 - 5*g**2 - 3*g - 6. What is the units digit of c(v)?
9
Suppose -o + 2*q - 8 = 0, -4*o + q = -q + 8. Suppose o = 3*p - p + 10. Let s = 10 + p. What is the units digit of s?
5
Suppose -7 = -c + 5*q, -5*c - 3*q = 2*q - 5. Suppose 0 - c = -o. What is the units digit of o?
2
Let c = -70 + 114. What is the units digit of c?
4
Let j(d) = 2*d**2 + 5*d + 8. What is the tens digit of j(-5)?
3
Suppose 4*i = 4*d - 4 + 12, -26 = -5*i - 3*d. Suppose -i*m - 31 = -95. What is the tens digit of m?
1
Suppose 4*g - 3*g - 4*t - 30 = 0, -t + 5 = 0. What is the units digit of g?
0
Suppose 4*j + 2*u - 170 = 0, -3*j + 3*u = 2*j - 207. What is the units digit of j?
2
What is the tens digit of 2*8 - (4 - 3)*3?
1
Let r(t) = -t**2 - 4*t - 1. Let z be r(-3). Suppose -3 = -4*u - 5*m + 29, z*m = -3*u + 17. What is the units digit of u?
3
Suppose -2 - 2 = -z. Suppose 3*a = -2*m + 2*a + 22, -z*a + 28 = 3*m. What is the tens digit of m?
1
Let x = 71 - -27. What is the tens digit of x?
9
Suppose -5*r + 60 = 6*m - m, -2*r = 3*m - 24. Let g = 21 - r. What is the units digit of 2/g + (-14)/(-18)?
1
Let r be (-225)/(-20) - 3/(-4). Suppose -17 = 2*p + 5*o, r = 4*p - 5*o + 31. What is the units digit of 3 - (p/3 + -4)?
9
Suppose 3 = l - 113. What is the tens digit of l?
1
Let m = -7 + 7. Suppose 3*w = -m*w + 27. What is the units digit of w?
9
Suppose 0*o = -3*o + k + 65, -5*o + 105 = -k. Suppose -2*a + 4*v + 12 = -v, -v = -2*a + o. What is the tens digit of a?
1
Let x(b) = -b**2 + 7*b - 2. Let c be x(6). Suppose -c*h = -9*h + 60. Suppose -m - h = -4*m. What is the units digit of m?
4
Let b(k) = 3*k**2 - 2*k + 1. Let g be b(2). Let u(n) = n**2 - 8*n - 8. Let v be u(g). Let t(r) = 6*r**2 + 1. What is the units digit of t(v)?
7
Suppose 5*f - 3*f + 2 = -2*d, -5*d - 6 = 4*f. What is the units digit of d*(-4)/((-16)/(-10))?
5
Let h(c) = 25*c**2 - 7*c + 9. What is the tens digit of h(3)?
1
Let m(p) = -p**3 - 3*p**2 + 4*p + 2. Let w be m(-4). Suppose -5*o - 3*a - 107 = 0, o + w*a = 4*o + 68. What is the units digit of 2/(-6) + o/(-3)?
7
Let a(q) be the third derivative of 0 + 1/6*q**5 - q**2 + 1/24*q**4 + 0*q**3 + 0*q. What is the units digit of a(-1)?
9
Suppose 0 = r - 0*r + 10. Let b = 19 + r. What is the units digit of b?
9
Let c = 16 + 7. Suppose -c = -3*b + 1. What is the units digit of b?
8
Let p = 121 + -18. What is the tens digit of p?
0
What is the units digit of 4/14 + (-36)/(-21)?
2
Let y(h) = h - 8. Let w(r) = 1. Let k(p) = 3*w(p) - y(p). What is the units digit of k(7)?
4
Let q = 433 - 182. What is the tens digit of q?
5
Suppose 0*b + b = 2. Suppose 64 = -2*u - b*u. Let y = u + 22. What is the units digit of y?
6
Suppose -5*w + 93 = -4*p, p + 75 = 5*w + 6*p. Suppose 3*o - w = 19. What is the units digit of o?
2
Suppose 3*x - 20 = -x. Let g(l) = l**3 - 3*l**2 - 7*l. What is the units digit of g(x)?
5
What is the units digit of 2/19 + 32640/380?
6
Suppose -3*k - 9 + 69 = 0. Let b = k + -10. Suppose -4*i - 12 = -2*n, i - 2 = -2*n + b. What is the units digit of n?
6
Let z(x) = 71*x**2 - 4*x - 4. What is the tens digit of z(-2)?
8
Let w be 27/(-5) - 4/(-10). Let t(r) = r**2 + r - 5. Let z be t(w). Let a = 22 - z. What is the units digit of a?
7
Suppose -154 + 64 = -5*y. What is the units digit of y?
8
Suppose 5*q - 3*k = 84, 2*q = k + 39 - 5. Let u = q + 0. What is the units digit of u?
8
What is the tens digit of (-2)/8 - (-7)/((-168)/(-4518))?
8
Let o(f) = -3*f - 15. Suppose -1 + 25 = -4*b. What is the units digit of o(b)?
3
Suppose -20 = 2*y + 2*q - 46, q = -1. Let j = y + -7. What is the units digit of j?
7
Suppose -78*q + 81*q = 408. What is the hundreds digit of q?
1
Suppose 0 = -2*x + t + 72, -t = t - 8. What is the units digit of x?
8
Suppose -110 = -5*z - 4*g, -3*g + 76 = 5*z - 29. Let h = z + -10. What is the units digit of h?
8
Let r be ((-117)/(-18))/(2/(-4)). Let w = r - -30. What is the tens digit of w?
1
What is the tens digit of (3 - 0)/(24/128)?
1
Let g(j) = 2*j + 11. Let d be g(-6). What is the units digit of (d - -13)*(-3)/(-6)?
6
Suppose -26 = -4*x - 2*d, d - 2*d + 27 = 4*x. Suppose -x*q + 3*q + 8 = 0. Suppose q*p - 12 = -0*p. What is the units digit of p?
6
Suppose 2*z + 2*z + 2*r = 1256, z - 314 = 4*r. What is the units digit of z?
4
Suppose -490 = -9*v + 4*v - 5*i, -4*v = 2*i - 396. What is the units digit of v?
0
Let i(f) = -f**3 - 12*f**2 - 11*f. Suppose 4*v + 5*y = -44, -4*v - y + 0*y = 44. Let x be i(v). Let o = x + 5. What is the units digit of o?
5
Let r(h) = 4*h**2 + 1. Let a be r(-1). Suppose m + 2*x = -0*m + 37, 5*m = -a*x + 210. What is the units digit of m?
7
Let i(z) = 6*z**2 + z + 2. What is the units digit of i(-1)?
7
Suppose 25 = v + 4*v. Let i(t) = 2*t - 1. What is the units digit of i(v)?
9
Suppose 3*w - 128 = 16. What is the tens digit of w?
4
Let i be 2/(-3)*(-7 - 26). Let q = i + 7. What is the tens digit of q?
2
Let w(o) = 0*o**2 + 6*o - o**2 - 3 + 2*o**2. Let c be w(-6). What is the units digit of 2*((-3)/3 - c)?
4
Let b = 10 + 6. Let d = b + -7. What is the units digit of d?
9
Let i be (-8)/(-1) - 8/4. Let b(q) = q**3 - 6*q**2 - q - 2. Let s be b(i). What is the units digit of (-22)/s + (-2)/(-8)?
3
Let q(u) be the first derivative of 5*u**4/4 - 2*u**3/3 - u**2 - 2. What is the tens digit of q(2)?
2
Suppose v - 16 - 9 = 0. Let d = v - 36. Let p = 18 + d. What is the units digit of p?
7
What is the hundreds digit of (-6 - 55/(-5)) + 370?
3
Let k = -38 + 105. What is the tens digit of k?
6
Let w = -564 - -996. What is the hundreds digit of w?
4
Suppose 0 = 2*d - 1 - 3. Suppose 0 = 3*x - f - 3, -d*x - x + 3 = 3*f. What is the units digit of x?
1
Let u(s) = 5*s + 9. What is the tens digit of u(5)?
3
Suppose -281 = -13*k + 1136. What is the units digit of k?
9
Suppose 0 = -4*x + j + j + 48, x + 6 = -4*j. Let p = -3 + x. What is the units digit of p?
7
Suppose 0 = -5*m + 7*m + 54. Let s = -16 - m. What is the tens digit of s?
1
Let v(x) = -15 - 4*x - 2*x + 0*x + 10*x. What is the tens digit of v(14)?
4
Suppose d - 19 = w, -2*d + 4 = -d + 4*w. What is the tens digit of d?
1
Let v = 41 - 6. Suppose -4*q + 4*k = -q - v, 0 = -2*q - 5*k - 15. What is the units digit of q?
5
Suppose 3*u = -3*o - 12, -u + 6 = -4*o - 10. Let a(j) be the second derivative of j**5/20 + j**4/3 - j**3/2 - 3*j**2 + 3*j. What is the units digit of a(o)?
6
Let p = -4 - -6. Suppose t = 5*y + 5, p*y - 2*t + 10 = -2*y. Suppose y = 3*l - 3*u - 0*u - 42, u + 26 = 2*l. What is the units digit of l?
2
Let m(t) = 28*t**3 - 2*t**2 + 1. Let q be m(1). Suppose 2*w - w - q = 0. What is the units digit of w?
7
Let j(r) = -r + 7. Let q be j(3). Suppose -80 = -q*d + 8. What is the units digit of d?
2
Let n = -1 - -5. Suppose -3*g = -n*j - 53, 3*g - 6*g + 5*j + 52 = 0. What is the tens digit of g?
1
Suppose a - 3*a = -4. What is the units digit of a + (0 - 3 - -9)?
8
Let r(o) = 11*o**2 - 2*o - 1. Let s be r(-1). Suppose -s + 37 = 5*g. Suppose 0 = d - g*d + 8. What is the units digit of d?
2
Let o(a) = 221*a**2 + 2*a + 2. What is the hundreds digit of o(-1)?
2
Let b(d) = d + 19. Let s be b(-13). Suppose r = 2*